{"id":5,"date":"2021-06-17T14:39:06","date_gmt":"2021-06-17T14:39:06","guid":{"rendered":"https:\/\/garwinch.fr\/blog\/?page_id=5"},"modified":"2021-06-17T14:50:32","modified_gmt":"2021-06-17T14:50:32","slug":"creez-votre-site-avec-des-blocs","status":"publish","type":"page","link":"https:\/\/garwinch.fr\/blog\/","title":{"rendered":"Bienvenue !"},"content":{"rendered":"\n<h2 class=\"alignwide has-text-align-wide has-normal-font-size wp-block-heading\" style=\"line-height:1.1\">Voici un blog tous frais, les vieux articles sentaient un peut la poussi\u00e8re ! <\/h2>\n\n\n\n<p>Ici vous \u00eates sur le blog de Garwinch, serveur personnel auto-h\u00e9berg\u00e9 depuis 2012. <\/p>\n\n\n\n<p><\/p>\n","protected":false},"excerpt":{"rendered":"<p>Voici un blog tous frais, les vieux articles sentaient un peut la poussi\u00e8re ! Ici vous \u00eates sur le blog de Garwinch, serveur personnel auto-h\u00e9berg\u00e9 depuis 2012.<\/p>\n","protected":false},"author":1,"featured_media":0,"parent":0,"menu_order":0,"comment_status":"closed","ping_status":"closed","template":"","meta":{"footnotes":""},"class_list":["post-5","page","type-page","status-publish","hentry","entry"],"_links":{"self":[{"href":"https:\/\/garwinch.fr\/blog\/wp-json\/wp\/v2\/pages\/5","targetHints":{"allow":["GET"]}}],"collection":[{"href":"https:\/\/garwinch.fr\/blog\/wp-json\/wp\/v2\/pages"}],"about":[{"href":"https:\/\/garwinch.fr\/blog\/wp-json\/wp\/v2\/types\/page"}],"author":[{"embeddable":true,"href":"https:\/\/garwinch.fr\/blog\/wp-json\/wp\/v2\/users\/1"}],"replies":[{"embeddable":true,"href":"https:\/\/garwinch.fr\/blog\/wp-json\/wp\/v2\/comments?post=5"}],"version-history":[{"count":3,"href":"https:\/\/garwinch.fr\/blog\/wp-json\/wp\/v2\/pages\/5\/revisions"}],"predecessor-version":[{"id":27,"href":"https:\/\/garwinch.fr\/blog\/wp-json\/wp\/v2\/pages\/5\/revisions\/27"}],"wp:attachment":[{"href":"https:\/\/garwinch.fr\/blog\/wp-json\/wp\/v2\/media?parent=5"}],"curies":[{"name":"wp","href":"https:\/\/api.w.org\/{rel}","templated":true}]}}